a) = -a**3 - 7*a**2 - a - 1. Let y(g) = g**3 + 8*g**2 + g + 1. Let z(s) = -4*m(s) - 3*y(s). Let b be z(-4). Let k(t) = -t**3 - 2*t**2 - t. What is k(b)?
12
Suppose 15 - 24 = -3*x. Suppose -h - x*h + 21 = 5*k, 4*k = 5*h + 25. Let q(l) = 7*l + 1. Determine q(h).
-6
Suppose 2*x + 18 = 5*x. Let i(w) = -w**2 + 6*w + 2. Calculate i(x).
2
Suppose -9*r + 53 = 8. Let n(k) = -k + 4. Determine n(r).
-1
Let d(c) = -c**2 + 6*c + 1. Suppose h = 10 - 3. Determine d(h).
-6
Let k be 2*(2 - 1)/2. Let v(f) = -4*f - 5. Let x = 36 + -31. Let r(y) = 4*y + 6. Let u(m) = x*v(m) + 4*r(m). Give u(k).
-5
Let k(x) = -x + 3. Let z be k(-4). Let b = z - 4. Let j(h) = -7*h**b + h + h**3 + 2*h**2 - 2*h. Calculate j(1).
-5
Let h(w) = 2*w**2 + 3*w - 3. Let z be h(-3). Suppose z = 3*m - a - 5, 5*m = 4*a + 30. Let i(y) = y**2 + 3*y**2 - 3*y**m - 1 - 2*y. Calculate i(3).
2
Suppose 6*q - 3*q = 5*q. Let k(d) be the second derivative of -d + 2*d**2 + 1/12*d**4 + q - 5/6*d**3. Give k(4).
0
Suppose -3 = -2*r + r. Let k be r/(-6)*-6 + -1. Let p(q) = 3 + 4*q + 1 - k*q - q**2. Determine p(3).
1
Let g(y) = 2*y**2 + 3*y + 1. Let i be g(-2). Let s = 0 - -4. Let z(p) = 0*p**2 + 2*p - s + i*p**2 + 4*p**2 - 6*p**2. What is z(-4)?
4
Let x be 2 + 2 + -7 + 0. Suppose -3*c - 7 = -0*o + o, o - 4*c = 14. Let v(n) = o + n + n - n. Determine v(x).
-1
Let i = -1 - -1. Let w = -1 - i. Let h(a) be the second derivative of a**3/2 + a**2/2 + 2*a. Give h(w).
-2
Suppose -11 = -5*w + r, 2*r - 5 = 7*r. Let o(y) = -13*y. Give o(w).
-26
Let r(q) = -q**3 + 7*q**2 + q. Let w(l) = 6*l**3 + 3*l - 2. Let i be w(1). Determine r(i).
7
Let x(l) = 2*l - 7. Let o be x(3). Let i(b) = 4*b. What is i(o)?
-4
Let z(k) = k**2 + 13*k. Let u be z(-13). Let o be (u - -4)*(-11 + 12). Let x(r) = r**2 - 4*r + 2. Calculate x(o).
2
Let w(n) = -n**3 + 2. Let c(p) = 5*p**3 + 5*p**2 - 6*p - 11. Let q(a) = -c(a) - 4*w(a). Calculate q(-6).
3
Let n be (1 + 1)*(7 + -6). Let w(p) = 4 - 2*p**n - p - 2*p**2 + 3*p**2. Determine w(0).
4
Let x(o) = -o**2 + 4*o. Let w(c) = -c**3 - 2*c**2 + 6. Let b be w(-2). Determine x(b).
-12
Let a(b) = 5*b - 8 - 6*b**2 + 2*b**2 + 2 - 2*b**2 + b**3. Let s(z) = -z**3 - 13*z**2 - z - 8. Let v be s(-13). Determine a(v).
-6
Let l = 13 - 9. Suppose z + 2 + l = 0. Let w(t) = t**2 + 8*t + 9. What is w(z)?
-3
Suppose 0 = -14*f + 11*f - 15. Let p(m) = -m**2 - 3*m + 7. Give p(f).
-3
Suppose 18 = -4*n - 0*o - 2*o, -n - 6 = 2*o. Let x(p) = p**3 + 4*p**2 + 4*p + 2. Give x(n).
-14
Let f(r) = -2*r + 2. Suppose -3*d = d + 20. Let b = d + 2. Give f(b).
8
Suppose b + 18 = 14. Let v(z) = -z**3 - 3*z**2 + 4*z - 1. What is v(b)?
-1
Suppose -3*c + 0*c = 9. Let i be (-3)/c + 2/(-1). Let y(h) = -13*h**3 - h**2 + h + 1. Determine y(i).
12
Let m(g) be the second derivative of -g**5/20 + g**4/3 + 2*g**3/3 - g**2/2 - g. Let y(i) = i**2 - 6*i - 2. Let s be y(7). Give m(s).
-6
Let l(o) = -5*o**3 + o**2 - 3*o - 7. Let d(b) = -b**3 + b**2 - b - 1. Let s(h) = -6*d(h) + l(h). Calculate s(4).
-5
Let t(h) be the second derivative of h**4/12 - h**3/2 - h**2/2 - 5*h. What is t(4)?
3
Suppose -8*a + 5*a = -9. Suppose i + 2*x + 3 = 0, -5*x = 4*i - a*x - 12. Let w(y) = -y**3 + 5*y**2 - 2. Determine w(i).
-2
Let w(u) be the third derivative of 0*u - 1/8*u**4 + 2/3*u**3 + 0 - 6*u**2 - 1/10*u**5 - 1/120*u**6. What is w(-5)?
-6
Let n(v) = 4*v - 21. Let p be n(6). Let c(j) = -2*j + 1. Give c(p).
-5
Let b(i) = 5*i**3 - 12*i**2 + 11*i - 1. Let w(j) be the second derivative of -j**5/5 + 11*j**4/12 - 5*j**3/3 + 7*j. Let m(l) = 3*b(l) + 4*w(l). Calculate m(7).
-3
Let n(f) = 6*f**3 - 8*f**2 - 5. Let z(j) be the second derivative of 3*j**5/5 - 17*j**4/12 - 11*j**2/2 + 3*j. Let q(u) = 13*n(u) - 6*z(u). Determine q(1).
5
Let q(f) = 3*f + 39. Let y be q(-12). Let r(a) = 3*a + 1. What is r(y)?
10
Suppose -y = -6*y. Suppose 6*k - k + 5*k = 0. Let h(u) = 3*u**2 + y*u**2 + k*u**2 - 4*u**2 + u + 1. Calculate h(3).
-5
Suppose -k = 1 - 5. Let r(d) be the second derivative of d**5/20 - d**4/4 - d**3 + 3*d**2 - 6*d. Calculate r(k).
-2
Let h = 29 - 29. Let v(j) = j**3 - 1. Give v(h).
-1
Let k(w) = -w + 1. Let u(n) = -n**2 + 3*n. Let p(r) = 6*k(r) + u(r). Let l(s) = -s**2 + 4*s - 5. Let f be l(4). Give p(f).
-4
Let k be 97/11 + (-12)/(-66). Suppose -c + 4 = -3*g, -5*g - 6 = k. Let d(s) = s**2 + 7*s + 4. Give d(c).
-6
Suppose 3*k - 21 = -0. Suppose 3*c + 12 = 0, 2*c = -3*l - 0*c + k. Let n(d) = -2*d**2 + 3 + 3*d**3 - 4*d**3 + 7*d**2. Calculate n(l).
3
Let i = -8 - -7. Let g(j) = 10*j**2 + j. Calculate g(i).
9
Let d be (-5)/((-2 - -2) + -1). Let r be (d*-1 - 0)*-1. Let q(g) be the second derivative of -g**4/12 + 5*g**3/6 + 3*g**2 - 5*g. Give q(r).
6
Let f(p) be the third derivative of -p**5/60 - p**4/4 - 2*p**3/3 + p**2. Let w = 72 + -78. Give f(w).
-4
Let y = 12 + -21. Let q = -15 - y. Let k(i) be the third derivative of -i**6/120 - i**5/10 + i**4/12 + 3*i**3/2 + 32*i**2. What is k(q)?
-3
Let l(d) = d + 3. Let p be l(-3). Let f(z) = 5*z**2 - z - 11. Let o = -14 - -10. Let b(m) = 4*m**2 - m - 10. Let t(i) = o*b(i) + 3*f(i). Calculate t(p).
7
Suppose 4*f - 7 = 5*f + 4*h, -4*f + 32 = h. Suppose -16 = f*n - 7*n. Let t = n - -6. Let x(v) = -v**3 - 3*v**2 + 1. Give x(t).
-3
Let p(n) = 2 - 3 + 0 + n. Suppose 0 = -2*s - q - 2*q - 88, 0 = 3*s - 3*q + 147. Let g be s/9 - (-4)/18. Calculate p(g).
-6
Let o be 0/((3 - 1)/(1 + -3)). Let b(f) = -f. Give b(o).
0
Let m(n) = n**2 + n - 3. Let s be m(-3). Suppose 0*x + s*x - 3 = 0. Let z(h) = 2 - 2 + 2*h + 7*h**2 + x. Give z(-1).
6
Let x(s) = -3*s**2 - 5*s - 9. Let c(m) = -2*m**2 - 2*m - 4. Let a(d) = -5*c(d) + 2*x(d). Let g(z) be the first derivative of a(z). Determine g(1).
8
Let l(d) = 5 + 8*d - 7*d**2 + 0*d**2 + 5 + 4. Let c(j) = -2*j**2 + 3*j + 5. Let x(f) = -11*c(f) + 4*l(f). What is x(1)?
-6
Let l(v) = -16*v + 4*v**2 - 6 + 9*v - 6*v**2 + v**2. Give l(-6).
0
Let n(h) = -2*h - 3. Let b = -1 + -1. Give n(b).
1
Let i(r) = 2 - 3 - 2*r - 4*r**2 + r**2. Let w(q) = 2*q**2 + q. Let l(z) = 3*i(z) + 5*w(z). Give l(4).
9
Let w = -9 + 11. Let y(j) = -4*j - j**w - 6 + 2 + 5. Determine y(-3).
4
Let v(d) = 3*d**3 - d**2 + d + 1. Let s be (3 - (-3 - -11)) + 4. Let g be v(s). Let l(z) = z**2 + 4*z - 1. Calculate l(g).
-1
Let l(z) = 2*z**3 - 2*z**2 + 2*z. Let a = 35 - 33. Give l(a).
12
Let d(q) be the second derivative of -2*q - q**2 + 0 + 1/6*q**3. Let t be (-6)/(-4) - 2/4. Calculate d(t).
-1
Let v(t) be the second derivative of -1/24*t**4 - 1/20*t**5 + 1/6*t**3 + 0*t**2 + t + 0. Let f(r) be the second derivative of v(r). Give f(-1).
5
Let n(i) = -i**2 + i - 3. Let r = 3 - 3. Suppose -5*f = 5, 2*f - 10 = -r*a - 4*a. Suppose -3*o + a + 6 = h, -5*h = 5*o - 15. What is n(h)?
-3
Let j(i) = i**2 - 8*i - 8. Let b be j(9). Let r(u) = 4 - 6 - b + 2*u**2 - 2*u - 3*u**2. Give r(-2).
-3
Suppose -4*l + 19 + 1 = 0. Suppose 0 = 7*h - 2*h - l. Let k(m) = 5*m**2 - 3*m + 5 - 3*m + h - 4*m**2. Calculate k(5).
1
Let o be 30/(-50) + 13/5. Let d(j) = -j**2 + 5*j - 2. Determine d(o).
4
Suppose -5*g + 4*r = r - 19, 0 = -2*g - 3*r + 16. Let b(i) = -7*i + 5. Calculate b(g).
-30
Suppose 3*c - 28 - 21 = 4*s, c + 2*s - 13 = 0. Let r(l) = -c*l + 3*l - 4*l. What is r(1)?
-16
Suppose w = -4 + 5. Let l = 3 - w. Let h(p) = -3*p**2 + 0*p**l - 1 - 2*p + 5*p**2. Calculate h(2).
3
Suppose 2*p + 9 = 5*p. Let c(z) be the first derivative of -z**2 + 1 - 1/3*z**p + z. Determine c(-3).
-2
Let u(i) = i**3 + 4*i**2 - 3*i - 3. Let t be (28/(-21))/(4/3 + -1). What is u(t)?
9
Let q(d) = d**3 + 3*d**2 + 3*d. Let l(y) = y**3 - 4*y**2 + 2*y + 2. Let o be l(2). What is q(o)?
-2
Let n(x) = 5*x**2 - 3*x - 5. Let t(h) = -2*h**2 + h + 2. Let d(z) = 3*n(z) + 8*t(z). Let f be 0*(-3)/(-6) + 1. Let y be -1*(f*-4 + 2). Determine d(y).
-5
Let g(p) = -3*p**2 + 7*p + 8. Let v(a) = 5*a**2 - 10*a - 12. Let q(y) = 8*g(y) + 5*v(y). Determine q(-5).
-1
Let h(f) = f**2 - f + 1. Let s(p) = -p + 11. Let x be s(9). Suppose 2*j + x*b = 14, 0 = 2*j - 8*b + 4*b + 4. Suppose -3*q = -j*q. Give h(q).
1
Let a(l) = 7*l - 2. Suppose 4*y + 4*s - 12 = 0, -3*s + 15 = 2*y + 4. What is a(y)?
-16
Let v(r) = r**3 + r**2 - r. Let q = 132 - 130. Calculate v(q).
10
Let n(z) be the first derivative of z**5/20 + z**4/3 + z**3/6 + 3*z**2/2 - 2*z + 1. Let g(p) be the first derivative of n(p). What is g(-4)?
-1
Let a(b) = -2*b**3 + 4*b**2 - 3*b + 1. 